the ten millions digit of 171949147?
7
What is the hundreds digit of 2252486803?
8
What is the hundreds digit of 18643313?
3
What is the thousands digit of 577761956?
1
What is the ten millions digit of 50759919?
5
What is the ten thousands digit of 42500773?
0
What is the billions digit of 1533078383?
1
What is the ten millions digit of 475627873?
7
What is the tens digit of 50828601?
0
What is the hundred thousands digit of 5403371?
4
What is the units digit of 3498211?
1
What is the ten thousands digit of 94028864?
2
What is the hundred thousands digit of 553847556?
8
What is the hundreds digit of 387051155?
1
What is the tens digit of 302128867?
6
What is the millions digit of 298300587?
8
What is the millions digit of 434312815?
4
What is the tens digit of 2650568?
6
What is the tens digit of 59235680?
8
What is the hundred thousands digit of 1895568756?
5
What is the hundreds digit of 156408002?
0
What is the millions digit of 963466169?
3
What is the tens digit of 194501656?
5
What is the ten millions digit of 369286410?
6
What is the thousands digit of 108792158?
2
What is the ten millions digit of 2465601595?
6
What is the hundred thousands digit of 2378600899?
6
What is the tens digit of 1965820477?
7
What is the hundred thousands digit of 1555181785?
1
What is the millions digit of 1901410014?
1
What is the ten thousands digit of 986357018?
5
What is the millions digit of 1263605?
1
What is the tens digit of 2671320612?
1
What is the thousands digit of 138813775?
3
What is the tens digit of 31908469?
6
What is the thousands digit of 73110104?
0
What is the ten millions digit of 111878966?
1
What is the units digit of 546605567?
7
What is the units digit of 186365943?
3
What is the hundreds digit of 348087316?
3
What is the hundred thousands digit of 97960207?
9
What is the millions digit of 14959302?
4
What is the hundreds digit of 1586006992?
9
What is the ten thousands digit of 563795129?
9
What is the ten millions digit of 1387691881?
8
What is the millions digit of 1531345721?
1
What is the units digit of 268769608?
8
What is the tens digit of 3333562973?
7
What is the millions digit of 141714358?
1
What is the tens digit of 656437609?
0
What is the ten thousands digit of 1274615854?
1
What is the hundreds digit of 127725213?
2
What is the units digit of 783136341?
1
What is the thousands digit of 102375006?
5
What is the billions digit of 1768536244?
1
What is the millions digit of 80385249?
0
What is the thousands digit of 21176633?
6
What is the hundred thousands digit of 74830101?
8
What is the units digit of 95413916?
6
What is the ten millions digit of 26960810?
2
What is the thousands digit of 8520194?
0
What is the hundreds digit of 1151541329?
3
What is the ten thousands digit of 69161810?
6
What is the thousands digit of 199095621?
5
What is the thousands digit of 235611286?
1
What is the millions digit of 3011038023?
1
What is the units digit of 37842107?
7
What is the millions digit of 960882260?
0
What is the millions digit of 21066801?
1
What is the units digit of 50023695?
5
What is the hundred thousands digit of 200407227?
4
What is the ten thousands digit of 3094392?
9
What is the tens digit of 517970065?
6
What is the ten thousands digit of 340038666?
3
What is the hundred thousands digit of 137914146?
9
What is the tens digit of 112008735?
3
What is the hundred thousands digit of 595345408?
3
What is the thousands digit of 219450862?
0
What is the millions digit of 36711419?
6
What is the thousands digit of 398920999?
0
What is the ten millions digit of 2045702867?
4
What is the ten thousands digit of 4320113333?
1
What is the tens digit of 4882866957?
5
What is the hundreds digit of 88893894?
8
What is the tens digit of 135913982?
8
What is the ten millions digit of 1176986551?
7
What is the hundred thousands digit of 376656343?
6
What is the units digit of 798168302?
2
What is the hundreds digit of 121498310?
3
What is the units digit of 21849299?
9
What is the hundred millions digit of 113553954?
1
What is the thousands digit of 66353740?
3
What is the hundred millions digit of 139857789?
1
What is the hundred thousands digit of 61908456?
9
What is the units digit of 76645110?
0
What is the units digit of 23026630?
0
What is the units digit of 64342704?
4
What is the units digit of 247362446?
6
What is the hundreds digit of 210396841?
8
What is the hundred thousands digit of 243830447?
8
What is the millions digit of 1467940377?
7
What is the ten thousands digit of 5580256113?
5
What is the thousands digit of 70170436?
0
What is the units digit of 607644790?
0
What is the millions digit of 1106549668?
6
What is the hundred thousands digit of 258051607?
0
What is the tens digit of 793923805?
0
What is the thousands digit of 46877480?
7
What is the tens digit of 71455192?
9
What is the units digit of 255614637?
7
What is the ten thousands digit of 38169014?
6
What is the tens digit of 2113687389?
8
What is the hundred thousands digit of 15173985?
1
What is the units digit of 36094442?
2
What is the tens digit of 34042214?
1
What is the millions digit of 135271633?
5
What is the units digit of 371731782?
2
What is the tens digit of 783029563?
6
What is the units digit of 3264569135?
5
What is the hundred thousands digit of 79984179?
9
What is the millions digit of 53294156?
3
What is the hundred millions digit of 726738491?
7
What is the hundreds digit of 2662377183?
1
What is the thousands digit of 128915856?
5
What is the hundred thousands digit of 2843346213?
3
What is the units digit of 182357246?
6
What is the tens digit of 520332445?
4
What is the units digit of 542531972?
2
What is the thousands digit of 448302453?
2
What is the ten thousands digit of 3667750008?
5
What is the ten thousands digit of 65636521?
3
What is the tens digit of 35817747?
4
What is the hundred thousands digit of 11825422?
8
What is the tens digit of 50893178?
7
What is the units digit of 20716354?
4
What is the billions digit of 3780599391?
3
What is the ten thousands digit of 3770545?
7
What is the thousands digit of 1279916643?
6
What is the ten millions digit of 136207254?
3
What is the ten millions digit of 82897377?
8
What is the ten thousands digit of 45648002?
4
What is the millions digit of 10738844?
0
What is the tens digit of 79895763?
6
What is the ten thousands digit of 273855729?
5
What is the millions digit of 583462218?
3
What is the tens digit of 307533093?
9
What is the ten millions digit of 3258290470?
5
What is the millions digit of 81735237?
1
What is the hundreds digit of 2782987955?
9
What is the millions digit of 66533516?
6
What is the hundreds digit of 681343272?
2
What is the hundreds digit of 243126598?
5
What is the units digit of 666758752?
2
What is the millions digit of 2370370041?
0
What is the hundred thousands digit of 1405412544?
4
What is the hundreds digit of 558876849?
8
What is the units digit of 169110371?
1
What is the hundred thousands digit of 1185285780?
2
What is the hundred millions digit of 120703569?
1
What is the ten thousands digit of 1653964927?
6
What is the hundreds digit of 4006890699?
6
What is the hundreds digit of 1083262079?
0
What is the ten millions digit of 77475844?
7
What is the ten millions digit of 765835020?
6
What is the thousands digit of 88772457?
2
What is the ten thousands digit of 59780686?
8
What is the tens digit of 80349593?
9
What is the millions digit of 22642329?
2
What is the hundreds digit of 3766248436?
4
What is the hundred thousands digit of 45652334?
6
What is the ten millions digit of 3349910071?
4
What is the hundred thousands digit of 5043734190?
7
What is the thousands digit of 3420939100?
9
What is the hundreds digit of 607047451?
4
What is the ten millions digit of 4125607438?
2
What is the thousands digit of 425163595?
3
What is the hundreds digit of 25194891?
8
What is the units digit of 5806559797?
7
What is the hundred millions digit of 255412622?
2
What is the hundred millions digit of 3191522270?
1
What is the millions digit of 193045403?
3
What is the hundred thousands digit of 218832897?
8
What is the ten thousands digit of 8340054?
4
What is the hundred thousands digit of 179917558?
9
What is the ten thousands digit of 3050196